{"id":976,"date":"2019-07-30T06:56:38","date_gmt":"2019-07-30T06:56:38","guid":{"rendered":"https:\/\/schimpel-engineering.waymark.at\/?page_id=976"},"modified":"2019-07-30T06:56:41","modified_gmt":"2019-07-30T06:56:41","slug":"agbs","status":"publish","type":"page","link":"https:\/\/schimpel-engineering.at\/?page_id=976","title":{"rendered":"AGB&#8217;s"},"content":{"rendered":"<p>[et_pb_section fb_built=&#8220;1&#8243; _builder_version=&#8220;3.26.5&#8243; admin_label=&#8220;Zeile&#8220;][et_pb_row _builder_version=&#8220;3.26.5&#8243; admin_label=&#8220;Absatz&#8220;][et_pb_column _builder_version=&#8220;3.26.5&#8243; type=&#8220;4_4&#8243;][et_pb_text _builder_version=&#8220;3.26.5&#8243; header_2_font=&#8220;BOLDE||||||||&#8220; header_2_text_align=&#8220;center&#8220; header_2_text_color=&#8220;#00933c&#8220; header_2_font_size=&#8220;60px&#8220; header_2_font_size_last_edited=&#8220;on|phone&#8220; hover_enabled=&#8220;0&#8243; header_2_font_size_phone=&#8220;40px&#8220; admin_label=&#8220;\u00dcberschrift&#8220;]<\/p>\n<h2>Unsere Allgemeinen Gesch\u00e4ftsbedingungen<\/h2>\n<p>[\/et_pb_text][et_pb_text _builder_version=&#8220;3.26.5&#8243; text_font=&#8220;Myriad Pro||||||||&#8220; text_text_color=&#8220;#000000&#8243; text_font_size=&#8220;20px&#8220; admin_label=&#8220;Text&#8220;]<\/p>\n<p><strong>1.) Geltung der Allgemeinen Gesch\u00e4ftsbedingungen und Abweichungen<\/strong><\/p>\n<p align=\"JUSTIFY\"><strong>a)<\/strong>\u00a0Die folgenden Allgemeinen Gesch\u00e4ftsbedingungen gelten f\u00fcr alle gegenw\u00e4rtigen und k\u00fcnftigen Vertr\u00e4ge zwischen dem Auftraggeber und dem Technischen B\u00fcro-Ingenieurb\u00fcro.<\/p>\n<p align=\"JUSTIFY\"><strong>b)<\/strong>\u00a0Abweichungen von diesen Bedingungen und insbesondere auch Bedingungen des Auftraggebers gelten nur, wenn sie vom Technischen B\u00fcro-Ingenieurb\u00fcro ausdr\u00fccklich und schriftlich anerkannt und best\u00e4tigt werden.<\/p>\n<p align=\"JUSTIFY\"><strong>c)\u00a0<\/strong>Soweit die Vertr\u00e4ge mit Verbrauchern i.S. des KSchG abgeschlossen werden, gehen die zwingenden Bestimmungen dieses Gesetzes den folgenden Allgemeinen Gesch\u00e4ftsbedingungen vor.<\/p>\n<p align=\"JUSTIFY\"><strong>2.) Angebote, Nebenabreden<\/strong><\/p>\n<p align=\"JUSTIFY\"><strong>a<\/strong>) Die Angebote des Technischen B\u00fcros-Ingenieurb\u00fcros sind, sofern nichts anderes angegeben ist, freibleibend und zwar hinsichtlich aller angegebenen Daten einschlie\u00dflich des Honorars. Eine zwischen Anbotserstellung und Rechnungslegung erfolgte \u00c4nderung der Honorare in dem vom Fachverband Technische B\u00fcros-Ingenieurb\u00fcros herausgegebenen Honorarrichtlinien und Leistungsbildern berechtigt das Technische B\u00fcro-Ingenieurb\u00fcro zu einer entsprechenden \u00c4nderung des Honorars.<\/p>\n<p align=\"JUSTIFY\"><strong>b<\/strong>) Enth\u00e4lt eine Auftragsbest\u00e4tigung des Technischen B\u00fcros-Ingenieurb\u00fcros \u00c4nderungen gegen\u00fcber dem Auftrag, so gelten diese als vom Auftraggeber genehmigt, sofern dieser nicht unverz\u00fcglich schriftlich widerspricht.<\/p>\n<p align=\"JUSTIFY\"><strong>c)<\/strong>\u00a0Vereinbarungen bed\u00fcrfen grunds\u00e4tzlich der Schriftform.<\/p>\n<p align=\"JUSTIFY\"><strong>3.) Auftragserteilung<\/strong><\/p>\n<p align=\"JUSTIFY\"><strong>a)<\/strong>\u00a0Art und Umfang der vereinbarten Leistung ergeben sich aus Vertrag, Vollmacht und diesen Allgemeinen Gesch\u00e4ftsbedingungen.<\/p>\n<p align=\"JUSTIFY\"><strong>b)<\/strong>\u00a0\u00c4nderungen und Erg\u00e4nzungen des Auftrags bed\u00fcrfen der schriftlichen Best\u00e4tigung durch das Technische B\u00fcro-Ingenieurb\u00fcro um Gegenstand des vorliegenden Vertragsverh\u00e4ltnisses zu werden.<\/p>\n<p align=\"JUSTIFY\"><strong>c)<\/strong>\u00a0Das Technische B\u00fcro-Ingenieurb\u00fcro verpflichtet sich zur ordnungsge-m\u00e4\u00dfen Durchf\u00fchrung des ihm erteilten Auftrags nach den allgemein anerkannten Regeln der Technik und den Grunds\u00e4tzen der Wirtschaftlichkeit.<\/p>\n<p align=\"JUSTIFY\"><strong>d)<\/strong>\u00a0Das Technische B\u00fcro-Ingenieurb\u00fcro kann zur Vertragserf\u00fcllung andere entsprechend Befugte heranziehen und diesen im Namen und f\u00fcr Rechnung des Auftraggebers Auftr\u00e4ge erteilen. Das Technische B\u00fcro-Ingenieurb\u00fcro ist jedoch verpflichtet, den Auftraggeber von dieser Absicht schriftlich zu verst\u00e4ndigen und dem Auftraggeber die M\u00f6glichkeit einzur\u00e4umen, dieser Auftragserteilung an einen Dritten binnen 10 Tagen zu widersprechen.<\/p>\n<p align=\"JUSTIFY\"><strong>e)<\/strong>\u00a0Das Technische B\u00fcro-Ingenieurb\u00fcro kann auch zur Vertragserf\u00fcllung andere entspreche??nd Befugte als Subplaner heranziehen und diesen im Namen und f\u00fcr Rechnung des Technischen B\u00fcros-Ingenieurb\u00fcros Auftr\u00e4ge erteilen.<\/p>\n<p align=\"JUSTIFY\">Das Technische B\u00fcro-Ingenieurb\u00fcro ist jedoch verpflichtet den Auftrag-geber schriftlich zu verst\u00e4ndigen, wenn es beabsichtigt, Auftr\u00e4ge durch einen Subplaner durchf\u00fchren zu lassen, und dem Auftraggeber die M\u00f6glichkeit einzur\u00e4umen, dieser Auftragserteilung an den Subplaner binnen einer Woche zu widersprechen; in diesem Fall hat das Technische B\u00fcro-Ingenieurb\u00fcro den Auftrag selbst durchzuf\u00fchren.<\/p>\n<p align=\"JUSTIFY\"><strong>4.) Gew\u00e4hrleistung und Schadenersatz<\/strong><\/p>\n<p align=\"JUSTIFY\"><strong>a)<\/strong>\u00a0Gew\u00e4hrleistungsanspr\u00fcche k\u00f6nnen nur nach M\u00e4ngelr\u00fcgen erhoben werden, die ausschlie\u00dflich durch eingeschriebenen Brief binnen 14 Tage ab \u00dcbergabe der Leistung oder Teilleistung zu erfolgen hat.<\/p>\n<p align=\"JUSTIFY\"><strong>b)<\/strong>\u00a0Anspr\u00fcche auf Wandlung und Preisminderung sind ausgeschlossen. Anspr\u00fcche auf Verbesserung bzw. Nachtrag des Fehlenden sind vom Technischen B\u00fcro-Ingenieurb\u00fcro innerhalb angemessener Frist, die im allgemeinen ein Drittel der f\u00fcr die Durchf\u00fchrung der Leistung vereinbarten Frist betragen soll, zu erf\u00fcllen. Ein Anspruch auf Versp\u00e4tungsschaden kann innerhalb dieser Frist nicht geltend gemacht werden.<\/p>\n<p align=\"JUSTIFY\"><strong>d)<\/strong>\u00a0Das Technische B\u00fcro-Ingenieurb\u00fcro hat seine Leistungen mit der von ihm als Fachmann zu erwartenden Sorgfalt (\u00a71299 ABGB) zu erbringen.<\/p>\n<p align=\"JUSTIFY\"><strong>5.) R\u00fccktritt vom Vertrag<\/strong><\/p>\n<p align=\"JUSTIFY\"><strong>a)<\/strong>\u00a0Ein R\u00fccktritt vom Vertrag ist nur aus wichtigem Grund zul\u00e4ssig.<\/p>\n<p align=\"JUSTIFY\"><strong>b)<\/strong>\u00a0Bei Verzug des Technischen B\u00fcros-Ingenieurb\u00fcros mit einer Leistung ist ein R\u00fccktritt des Auftraggebers erst nach Setzen einer angemessenen Nachfrist m\u00f6glich; die Nachfrist ist mit eingeschriebenem Brief zu setzen.<\/p>\n<p align=\"JUSTIFY\"><strong>c)<\/strong>\u00a0Bei Verzug des Auftraggebers bei einer Teilleistung oder einer vereinbarten Mitwirkungst\u00e4tigkeit, der die Durchf\u00fchrung des Auftrages durch das Technische B\u00fcro-Ingenieurb\u00fcro unm\u00f6glich macht oder erheblich behindert, ist das Technische B\u00fcro-Ingenieurb\u00fcro zum Vertragsr\u00fccktritt berechtigt.<\/p>\n<p align=\"JUSTIFY\"><strong>d)<\/strong>\u00a0Ist das Technische B\u00fcro-Ingenieurb\u00fcro zum Vertragsr\u00fccktritt berechtigt, so beh\u00e4lt dieses den Anspruch auf das gesamte vereinbarte Honorar, ebenso bei unberechtigtem R\u00fccktritt des Auftraggebers. Weiters findet \u00a71168 ABGB Anwendung; bei berechtigtem R\u00fccktritt des Auftraggebers sind von diesem die vom Technischen B\u00fcro-Ingenieurb\u00fcro erbrachten Leistungen zu honorieren.<\/p>\n<p align=\"JUSTIFY\"><strong>6.) Honorar<\/strong><\/p>\n<p align=\"JUSTIFY\"><strong>a)<\/strong>\u00a0Dem Honoraranspruch des Technischen B\u00fcros-Ingenieurb\u00fcros liegen die vom Fachverband Technischen B\u00fcros-Ingenieurb\u00fcros herausgegebenen Honorarrichtlinien und Leistungsbilder zugrunde. Die in Vertrag oder Vollmacht getroffenen besonderen Honorarvereinbarungen gehen diesen Honorarrichtlinien vor.<\/p>\n<p align=\"JUSTIFY\"><strong>b)<\/strong>\u00a0S\u00e4mtliche Honorare sind mangels abweichender Angaben in EURO erstellt.<\/p>\n<p align=\"JUSTIFY\"><strong>c)<\/strong>\u00a0In den angegebene Honorarbetr\u00e4gen ist die Umsatzsteuer (Mehrwert-steuer) nicht enthalten, diese ist gesondert vom Auftraggeber zu bezahlen.<\/p>\n<p align=\"JUSTIFY\"><strong>d)<\/strong>\u00a0Die Kompensation mit allf\u00e4lligen Gegenleistungen, aus welchem Grunde auch immer, ist unzul\u00e4ssig.<\/p>\n<p align=\"JUSTIFY\"><strong>7.) Erf\u00fcllungsort<\/strong><\/p>\n<p align=\"JUSTIFY\">Erf\u00fcllungsort f\u00fcr alle B\u00fcroleistungen ist der Sitz des Technischen B\u00fcros-Ingenieurb\u00fcros.<\/p>\n<p align=\"JUSTIFY\"><strong>8.) Geheimhaltung<\/strong><\/p>\n<p align=\"JUSTIFY\"><strong>a)<\/strong>\u00a0Das Technische B\u00fcro-Ingenieurb\u00fcro ist zur Geheimhaltung aller vom Auftraggeber erteilten Informationen verpflichtet.<\/p>\n<p align=\"JUSTIFY\"><strong>b)<\/strong>\u00a0Das Technische B\u00fcro-Ingenieurb\u00fcro ist auch zur Geheimhaltung seiner Planungst\u00e4tigkeit verpflichtet, wenn und solange der Auftraggeber an dieser Geheimhaltung ein berechtigtes Interesse hat. Nach Durchf\u00fchrung des Auftrages ist das Technische B\u00fcro-Ingenieurb\u00fcro berechtigt, das vertragsgegenst\u00e4ndliche Werk g\u00e4nzlich oder teilweise zu Werbezwecken zu ver\u00f6ffentlichen, soferne vertraglich nichts anderes vereinbart ist.<\/p>\n<p align=\"JUSTIFY\"><strong>9.) Schutz der Pl\u00e4ne<\/strong><\/p>\n<p align=\"JUSTIFY\">Pl\u00e4ne, Prospekte, Berichte, Technische Unterlagen und dgl. Des Technischen B\u00fcros-Ingenieurb\u00fcros sind urheberrechtlich gesch\u00fctzt. Jede g\u00e4nzliche oder teilweise Ver\u00f6ffentlichung ist nur mit Zustimmung des Technischen B\u00fcros-Ingenieurb\u00fcros zul\u00e4ssig; ebenso die Weitergabe und die w??iederholte Nutzung, durch Dritte oder den Auftraggeber selbst.<\/p>\n<p align=\"JUSTIFY\">Das Technische B\u00fcro-Ingenieurb\u00fcro ist berechtigt, der Auftraggeber verpflichtet, bei Ver\u00f6ffentlichungen und Bekanntmachungen \u00fcber das Projekt den Namen (Firma, Gesch\u00e4ftsbezeichung) des Technischen B\u00fcros-Ingenieurb\u00fcros anzugeben.<\/p>\n<p><strong>10.) Im Anwendungsbereich des Konsumentenschutzes gelten dessen zwingende Bestimmungen<\/strong><\/p>\n<p align=\"JUSTIFY\">Die Kompensation mit allf\u00e4lligen Gegenforderungen ist unzul\u00e4ssig, es sei denn, sie st\u00fcnden im rechtlichen Zusammenhang mit der Honorarverbindlichkeit, w\u00e4ren gerichtlich festgestellt oder vom Technischen B\u00fcro-Ingenieurb\u00fcro anerkannt.<\/p>\n<p align=\"JUSTIFY\"><strong>11.) Rechtswahl, Gerichtsstand<\/strong><\/p>\n<p align=\"JUSTIFY\"><strong>a)<\/strong>\u00a0F\u00fcr Vertr\u00e4ge zwischen Auftraggeber und Technischem B\u00fcro-Ingenieur-b\u00fcro kommt ausschlie\u00dflich \u00f6sterreichisches Recht zur Anwendung.<\/p>\n<p align=\"JUSTIFY\"><strong>b)<\/strong>\u00a0F\u00fcr alle Streitigkeiten aus diesem Vertrag wird die Zust\u00e4ndigkeit des sachlich zust\u00e4ndigen Gerichts am Sitz des Technischen B\u00fcros-Ingenieurb\u00fcros vereinbart.<\/p>\n<p>[\/et_pb_text][et_pb_divider _builder_version=&#8220;3.26.5&#8243; width=&#8220;50%&#8220; module_alignment=&#8220;center&#8220; color=&#8220;#00933c&#8220;][\/et_pb_divider][et_pb_text _builder_version=&#8220;3.26.5&#8243; text_font=&#8220;Myriad Pro||||||||&#8220; text_text_color=&#8220;#000000&#8243; text_text_align=&#8220;center&#8220; text_font_size=&#8220;14px&#8220; admin_label=&#8220;Kleingedrucktes&#8220;]<\/p>\n<p>Eigent\u00fcmer, Herausgeber und Verleger: Fachverband Techn. B\u00fcros-Ingenieurb\u00fcros, 1045 Wien, Wiedner Hauptstr. 63.<br \/>F\u00fcr den Inhalt verantwortlich: Techn.Rat Ing. Helmut Mayer, 1045 Wien, Wiedner Hauptstra\u00dfe 63.<\/p>\n<p>[\/et_pb_text][\/et_pb_column][\/et_pb_row][\/et_pb_section]<\/p>\n","protected":false},"excerpt":{"rendered":"<p>Unsere Allgemeinen Gesch\u00e4ftsbedingungen 1.) Geltung der Allgemeinen Gesch\u00e4ftsbedingungen und Abweichungen a)\u00a0Die folgenden Allgemeinen Gesch\u00e4ftsbedingungen gelten f\u00fcr alle gegenw\u00e4rtigen und k\u00fcnftigen Vertr\u00e4ge zwischen dem Auftraggeber und dem Technischen B\u00fcro-Ingenieurb\u00fcro. b)\u00a0Abweichungen von diesen Bedingungen und insbesondere auch Bedingungen des Auftraggebers gelten nur, wenn sie vom Technischen B\u00fcro-Ingenieurb\u00fcro ausdr\u00fccklich und schriftlich anerkannt und best\u00e4tigt werden. c)\u00a0Soweit die Vertr\u00e4ge [&hellip;]<\/p>\n","protected":false},"author":1,"featured_media":0,"parent":0,"menu_order":0,"comment_status":"closed","ping_status":"closed","template":"","meta":{"_et_pb_use_builder":"on","_et_pb_old_content":"","_et_gb_content_width":""},"yoast_head":"<!-- This site is optimized with the Yoast SEO plugin v18.9 - https:\/\/yoast.com\/wordpress\/plugins\/seo\/ -->\n<title>AGB&#039;s - Schimpel Engineering<\/title>\n<meta name=\"robots\" content=\"index, follow, max-snippet:-1, max-image-preview:large, max-video-preview:-1\" \/>\n<link rel=\"canonical\" href=\"https:\/\/schimpel-engineering.at\/?page_id=976\" \/>\n<meta property=\"og:locale\" content=\"de_DE\" \/>\n<meta property=\"og:type\" content=\"article\" \/>\n<meta property=\"og:title\" content=\"AGB&#039;s - Schimpel Engineering\" \/>\n<meta property=\"og:description\" content=\"Unsere Allgemeinen Gesch\u00e4ftsbedingungen 1.) Geltung der Allgemeinen Gesch\u00e4ftsbedingungen und Abweichungen a)\u00a0Die folgenden Allgemeinen Gesch\u00e4ftsbedingungen gelten f\u00fcr alle gegenw\u00e4rtigen und k\u00fcnftigen Vertr\u00e4ge zwischen dem Auftraggeber und dem Technischen B\u00fcro-Ingenieurb\u00fcro. b)\u00a0Abweichungen von diesen Bedingungen und insbesondere auch Bedingungen des Auftraggebers gelten nur, wenn sie vom Technischen B\u00fcro-Ingenieurb\u00fcro ausdr\u00fccklich und schriftlich anerkannt und best\u00e4tigt werden. c)\u00a0Soweit die Vertr\u00e4ge [&hellip;]\" \/>\n<meta property=\"og:url\" content=\"https:\/\/schimpel-engineering.at\/?page_id=976\" \/>\n<meta property=\"og:site_name\" content=\"Schimpel Engineering\" \/>\n<meta property=\"article:modified_time\" content=\"2019-07-30T06:56:41+00:00\" \/>\n<meta name=\"twitter:card\" content=\"summary_large_image\" \/>\n<meta name=\"twitter:label1\" content=\"Gesch\u00e4tzte Lesezeit\" \/>\n\t<meta name=\"twitter:data1\" content=\"6 Minuten\" \/>\n<script type=\"application\/ld+json\" class=\"yoast-schema-graph\">{\"@context\":\"https:\/\/schema.org\",\"@graph\":[{\"@type\":\"WebSite\",\"@id\":\"https:\/\/schimpel-engineering.at\/#website\",\"url\":\"https:\/\/schimpel-engineering.at\/\",\"name\":\"Schimpel Engineering\",\"description\":\"Technisches B&uuml;ro f&uuml;r Maschinenbau &amp; Personalservice\",\"potentialAction\":[{\"@type\":\"SearchAction\",\"target\":{\"@type\":\"EntryPoint\",\"urlTemplate\":\"https:\/\/schimpel-engineering.at\/?s={search_term_string}\"},\"query-input\":\"required name=search_term_string\"}],\"inLanguage\":\"de-DE\"},{\"@type\":\"WebPage\",\"@id\":\"https:\/\/schimpel-engineering.at\/?page_id=976#webpage\",\"url\":\"https:\/\/schimpel-engineering.at\/?page_id=976\",\"name\":\"AGB's - Schimpel Engineering\",\"isPartOf\":{\"@id\":\"https:\/\/schimpel-engineering.at\/#website\"},\"datePublished\":\"2019-07-30T06:56:38+00:00\",\"dateModified\":\"2019-07-30T06:56:41+00:00\",\"breadcrumb\":{\"@id\":\"https:\/\/schimpel-engineering.at\/?page_id=976#breadcrumb\"},\"inLanguage\":\"de-DE\",\"potentialAction\":[{\"@type\":\"ReadAction\",\"target\":[\"https:\/\/schimpel-engineering.at\/?page_id=976\"]}]},{\"@type\":\"BreadcrumbList\",\"@id\":\"https:\/\/schimpel-engineering.at\/?page_id=976#breadcrumb\",\"itemListElement\":[{\"@type\":\"ListItem\",\"position\":1,\"name\":\"Startseite\",\"item\":\"https:\/\/schimpel-engineering.at\/\"},{\"@type\":\"ListItem\",\"position\":2,\"name\":\"AGB&#8217;s\"}]}]}<\/script>\n<!-- \/ Yoast SEO plugin. -->","yoast_head_json":{"title":"AGB's - Schimpel Engineering","robots":{"index":"index","follow":"follow","max-snippet":"max-snippet:-1","max-image-preview":"max-image-preview:large","max-video-preview":"max-video-preview:-1"},"canonical":"https:\/\/schimpel-engineering.at\/?page_id=976","og_locale":"de_DE","og_type":"article","og_title":"AGB's - Schimpel Engineering","og_description":"Unsere Allgemeinen Gesch\u00e4ftsbedingungen 1.) Geltung der Allgemeinen Gesch\u00e4ftsbedingungen und Abweichungen a)\u00a0Die folgenden Allgemeinen Gesch\u00e4ftsbedingungen gelten f\u00fcr alle gegenw\u00e4rtigen und k\u00fcnftigen Vertr\u00e4ge zwischen dem Auftraggeber und dem Technischen B\u00fcro-Ingenieurb\u00fcro. b)\u00a0Abweichungen von diesen Bedingungen und insbesondere auch Bedingungen des Auftraggebers gelten nur, wenn sie vom Technischen B\u00fcro-Ingenieurb\u00fcro ausdr\u00fccklich und schriftlich anerkannt und best\u00e4tigt werden. c)\u00a0Soweit die Vertr\u00e4ge [&hellip;]","og_url":"https:\/\/schimpel-engineering.at\/?page_id=976","og_site_name":"Schimpel Engineering","article_modified_time":"2019-07-30T06:56:41+00:00","twitter_card":"summary_large_image","twitter_misc":{"Gesch\u00e4tzte Lesezeit":"6 Minuten"},"schema":{"@context":"https:\/\/schema.org","@graph":[{"@type":"WebSite","@id":"https:\/\/schimpel-engineering.at\/#website","url":"https:\/\/schimpel-engineering.at\/","name":"Schimpel Engineering","description":"Technisches B&uuml;ro f&uuml;r Maschinenbau &amp; Personalservice","potentialAction":[{"@type":"SearchAction","target":{"@type":"EntryPoint","urlTemplate":"https:\/\/schimpel-engineering.at\/?s={search_term_string}"},"query-input":"required name=search_term_string"}],"inLanguage":"de-DE"},{"@type":"WebPage","@id":"https:\/\/schimpel-engineering.at\/?page_id=976#webpage","url":"https:\/\/schimpel-engineering.at\/?page_id=976","name":"AGB's - Schimpel Engineering","isPartOf":{"@id":"https:\/\/schimpel-engineering.at\/#website"},"datePublished":"2019-07-30T06:56:38+00:00","dateModified":"2019-07-30T06:56:41+00:00","breadcrumb":{"@id":"https:\/\/schimpel-engineering.at\/?page_id=976#breadcrumb"},"inLanguage":"de-DE","potentialAction":[{"@type":"ReadAction","target":["https:\/\/schimpel-engineering.at\/?page_id=976"]}]},{"@type":"BreadcrumbList","@id":"https:\/\/schimpel-engineering.at\/?page_id=976#breadcrumb","itemListElement":[{"@type":"ListItem","position":1,"name":"Startseite","item":"https:\/\/schimpel-engineering.at\/"},{"@type":"ListItem","position":2,"name":"AGB&#8217;s"}]}]}},"_links":{"self":[{"href":"https:\/\/schimpel-engineering.at\/index.php?rest_route=\/wp\/v2\/pages\/976"}],"collection":[{"href":"https:\/\/schimpel-engineering.at\/index.php?rest_route=\/wp\/v2\/pages"}],"about":[{"href":"https:\/\/schimpel-engineering.at\/index.php?rest_route=\/wp\/v2\/types\/page"}],"author":[{"embeddable":true,"href":"https:\/\/schimpel-engineering.at\/index.php?rest_route=\/wp\/v2\/users\/1"}],"replies":[{"embeddable":true,"href":"https:\/\/schimpel-engineering.at\/index.php?rest_route=%2Fwp%2Fv2%2Fcomments&post=976"}],"version-history":[{"count":5,"href":"https:\/\/schimpel-engineering.at\/index.php?rest_route=\/wp\/v2\/pages\/976\/revisions"}],"predecessor-version":[{"id":982,"href":"https:\/\/schimpel-engineering.at\/index.php?rest_route=\/wp\/v2\/pages\/976\/revisions\/982"}],"wp:attachment":[{"href":"https:\/\/schimpel-engineering.at\/index.php?rest_route=%2Fwp%2Fv2%2Fmedia&parent=976"}],"curies":[{"name":"wp","href":"https:\/\/api.w.org\/{rel}","templated":true}]}}